{"id":224,"date":"2024-02-20T17:36:29","date_gmt":"2024-02-20T17:36:29","guid":{"rendered":"https:\/\/walixa.co\/?post_type=product&#038;p=224"},"modified":"2024-12-13T21:50:28","modified_gmt":"2024-12-14T02:50:28","slug":"huile-a-barbe","status":"publish","type":"product","link":"https:\/\/walixa.co\/index.php\/product\/huile-a-barbe\/","title":{"rendered":"Huile \u00e0 barbe"},"content":{"rendered":"<p>Notre huile \u00e0 barbe est un m\u00e9lange entre l&#8217;\u00e9quilibre et l&#8217;hydratation. Elle est con\u00e7ue pour rendre la barbe souple et la faire pousser. Elle est offerte en deux saveurs\u00a0: sapin baumier et agrume.<\/p>\n","protected":false},"excerpt":{"rendered":"<p>Notre huile \u00e0 barbe est un m\u00e9lange entre l&#8217;\u00e9quilibre et l&#8217;hydratation. Elle est con\u00e7ue pour rendre la barbe souple et la faire pousser. Elle est offerte en deux saveurs\u00a0: sapin baumier et agrume.<\/p>\n","protected":false},"featured_media":1189,"comment_status":"open","ping_status":"closed","template":"","meta":{"_et_pb_use_builder":"","_et_pb_old_content":"","_et_gb_content_width":""},"product_brand":[],"product_cat":[23],"product_tag":[26],"class_list":{"0":"post-224","1":"product","2":"type-product","3":"status-publish","4":"has-post-thumbnail","6":"product_cat-huile","7":"product_tag-barbe","9":"first","10":"instock","11":"sale","12":"featured","13":"shipping-taxable","14":"purchasable","15":"product-type-simple"},"aioseo_notices":[],"jetpack_sharing_enabled":true,"_links":{"self":[{"href":"https:\/\/walixa.co\/index.php\/wp-json\/wp\/v2\/product\/224","targetHints":{"allow":["GET"]}}],"collection":[{"href":"https:\/\/walixa.co\/index.php\/wp-json\/wp\/v2\/product"}],"about":[{"href":"https:\/\/walixa.co\/index.php\/wp-json\/wp\/v2\/types\/product"}],"replies":[{"embeddable":true,"href":"https:\/\/walixa.co\/index.php\/wp-json\/wp\/v2\/comments?post=224"}],"wp:featuredmedia":[{"embeddable":true,"href":"https:\/\/walixa.co\/index.php\/wp-json\/wp\/v2\/media\/1189"}],"wp:attachment":[{"href":"https:\/\/walixa.co\/index.php\/wp-json\/wp\/v2\/media?parent=224"}],"wp:term":[{"taxonomy":"product_brand","embeddable":true,"href":"https:\/\/walixa.co\/index.php\/wp-json\/wp\/v2\/product_brand?post=224"},{"taxonomy":"product_cat","embeddable":true,"href":"https:\/\/walixa.co\/index.php\/wp-json\/wp\/v2\/product_cat?post=224"},{"taxonomy":"product_tag","embeddable":true,"href":"https:\/\/walixa.co\/index.php\/wp-json\/wp\/v2\/product_tag?post=224"}],"curies":[{"name":"wp","href":"https:\/\/api.w.org\/{rel}","templated":true}]}}